s the highest common factor of 294 and 92484?
42
Calculate the greatest common divisor of 825 and 60093.
33
What is the greatest common factor of 2609186 and 346?
346
Calculate the highest common factor of 1798686 and 18.
18
Calculate the highest common factor of 1024 and 6704.
16
What is the greatest common factor of 1743 and 4731?
249
What is the highest common factor of 34 and 73950?
34
What is the greatest common divisor of 1029312 and 864?
288
What is the greatest common factor of 2969500 and 125?
125
What is the highest common factor of 765164 and 736?
92
What is the greatest common divisor of 1266 and 7418127?
633
Calculate the highest common divisor of 1588 and 8586316.
1588
Calculate the greatest common divisor of 75756 and 1712.
428
Calculate the highest common factor of 87796 and 6674.
94
Calculate the greatest common factor of 425 and 25825.
25
What is the highest common divisor of 320 and 2840?
40
Calculate the highest common factor of 360 and 112140.
180
What is the highest common divisor of 29 and 88421?
29
Calculate the greatest common divisor of 5124 and 546.
42
Calculate the highest common divisor of 119 and 2898670.
17
What is the highest common factor of 172211 and 91?
13
What is the highest common factor of 1035 and 62123?
23
What is the highest common factor of 128 and 760?
8
Calculate the highest common factor of 10720 and 72.
8
What is the highest common divisor of 174 and 2154?
6
Calculate the highest common divisor of 2795 and 31519.
43
Calculate the highest common factor of 5111 and 9785.
19
Calculate the greatest common factor of 202 and 204828.
202
What is the highest common divisor of 63669 and 228?
57
Calculate the highest common divisor of 84 and 49791.
21
What is the highest common factor of 17770 and 40?
10
What is the greatest common factor of 180316 and 16104?
244
Calculate the highest common divisor of 16 and 158000.
16
Calculate the highest common factor of 1534 and 1888.
118
What is the highest common divisor of 331056 and 44?
44
What is the greatest common factor of 180108 and 72?
36
Calculate the greatest common divisor of 2306780 and 14.
14
What is the greatest common factor of 30 and 8652960?
30
Calculate the highest common factor of 1300 and 76100.
100
What is the greatest common divisor of 194 and 59849?
97
Calculate the highest common factor of 79464 and 32.
8
What is the highest common divisor of 14 and 12354860?
14
What is the greatest common divisor of 35334 and 5148?
234
What is the highest common factor of 570 and 56?
2
What is the highest common factor of 201 and 8251251?
201
What is the greatest common divisor of 89 and 2554033?
89
What is the greatest common divisor of 798 and 932022?
42
What is the highest common divisor of 3692 and 40896?
284
Calculate the greatest common divisor of 63 and 8113.
7
Calculate the greatest common factor of 8096 and 69184.
736
What is the greatest common factor of 1825 and 47304?
73
Calculate the highest common divisor of 269436 and 48.
12
What is the greatest common factor of 4800 and 25725?
75
What is the highest common divisor of 735 and 1185?
15
What is the highest common factor of 1032903 and 5338?
2669
What is the greatest common divisor of 22059 and 72?
9
What is the greatest common divisor of 286025 and 425?
425
Calculate the highest common factor of 153 and 277209.
9
Calculate the greatest common factor of 310493 and 943.
41
Calculate the highest common factor of 108 and 1299996.
108
Calculate the highest common divisor of 283229 and 963.
107
Calculate the highest common divisor of 8647377 and 4038.
2019
Calculate the greatest common factor of 6790 and 3007.
97
What is the highest common divisor of 321 and 48471?
321
What is the highest common factor of 1611437 and 61?
61
What is the greatest common divisor of 110 and 97086?
22
Calculate the greatest common factor of 78 and 3718.
26
Calculate the highest common factor of 45 and 18731430.
45
What is the highest common factor of 1140613 and 53?
53
What is the greatest common divisor of 1650 and 425?
25
What is the greatest common factor of 1566 and 103374?
18
What is the highest common factor of 2147 and 1007?
19
Calculate the highest common divisor of 4900 and 48265.
245
What is the highest common divisor of 11951 and 6253?
37
What is the greatest common factor of 3604 and 10642?
34
What is the greatest common factor of 91875 and 19845?
735
Calculate the highest common divisor of 139412 and 364.
364
What is the highest common factor of 1758 and 6748962?
1758
Calculate the greatest common factor of 2 and 52474.
2
Calculate the highest common factor of 228 and 1786.
38
What is the greatest common divisor of 88375 and 2626?
101
Calculate the greatest common factor of 1096 and 330444.
548
Calculate the highest common divisor of 2209963 and 118.
59
Calculate the greatest common divisor of 6696 and 8451.
27
Calculate the highest common divisor of 4 and 5407.
1
What is the highest common divisor of 36159 and 204?
51
Calculate the highest common factor of 1298 and 146497.
59
Calculate the greatest common divisor of 1225 and 4850.
25
What is the greatest common factor of 50 and 161580?
10
Calculate the greatest common divisor of 17 and 20230272.
17
What is the greatest common divisor of 2 and 472380?
2
What is the highest common factor of 384 and 29968?
16
What is the greatest common divisor of 948 and 32785?
79
Calculate the greatest common divisor of 75 and 6614265.
15
What is the greatest common divisor of 30 and 77720?
10
Calculate the greatest common factor of 4860 and 285.
15
What is the highest common factor of 72048 and 10?
2
Calculate the greatest common divisor of 640 and 2.
2
Calculate the highest common factor of 200 and 191940.
20
Calculate the highest common divisor of 1004 and 1682453.
251
What is the greatest common factor of 1278 and 4110?
6
What is the highest common factor of 78 and 31538?
26
What is the highest common factor of 17 and 988193?
17
What is the greatest common factor of 2805 and 20160?
15
Calculate the highest common divisor of 2093 and 79443.
91
Calculate the highest common factor of 68936 and 24.
8
What is the highest common divisor of 1117 and 3302969?
1117
What is the highest common divisor of 247658 and 12?
2
What is the highest common divisor of 341 and 10571?
341
Calculate the highest common factor of 10571 and 704.
11
Calculate the greatest common factor of 793 and 3133.
13
Calculate the highest common factor of 654 and 39458.
218
What is the highest common divisor of 588875 and 3?
1
What is the greatest common divisor of 534 and 627806?
178
What is the greatest common divisor of 6 and 3434?
2
Calculate the greatest common factor of 282419 and 763.
109
What is the highest common factor of 1980 and 2533740?
660
What is the highest common factor of 2356 and 51956?
124
What is the highest common factor of 5069 and 55019?
37
Calculate the highest common divisor of 2408 and 31562.
86
Calculate the highest common factor of 1240 and 48670.
310
What is the greatest common divisor of 3126 and 81?
3
What is the greatest common divisor of 234818 and 822?
274
What is the highest common divisor of 57066 and 138?
6
What is the greatest common divisor of 65410 and 11394?
422
Calculate the greatest common divisor of 5710 and 1820.
10
Calculate the greatest common divisor of 4505655 and 830.
415
Calculate the highest common divisor of 2471200 and 800.
800
Calculate the highest common factor of 63 and 5383.
7
Calculate the greatest common divisor of 229642 and 3948.
658
What is the highest common factor of 6 and 205323?
3
Calculate the greatest common factor of 38831 and 721.
103
What is the greatest common factor of 32100 and 150?
150
Calculate the highest common divisor of 280191 and 1180.
59
What is the highest common divisor of 7 and 2569?
7
What is the greatest common divisor of 448 and 246176?
224
Calculate the greatest common divisor of 7 and 10821.
1
What is the highest common factor of 24 and 894?
6
Calculate the greatest common factor of 407 and 418.
11
Calculate the greatest common factor of 2848 and 43040.
32
Calculate the greatest common factor of 26332 and 4540.
908
Calculate the greatest common divisor of 94 and 253706.
94
What is the greatest common divisor of 194671